 units digit of m(-12)?
4
Let a be (-6 - -7)*1/1. Let g be (2 - a - 0)*408. What is the tens digit of 268/22 + (6 - g/66)?
1
What is the units digit of -9 - (-4 - 0 - 12323)?
8
Suppose -185*v + 182*v - 7894 = -2*f, -f + 3*v + 3944 = 0. What is the units digit of f?
0
Let u(o) = 16*o + 99. Let i(r) = r**3 + 21*r**2 + 36*r - 30. Let c be i(-19). What is the hundreds digit of u(c)?
2
Suppose 811*a - 3920 = 804*a. Let s = a - 111. What is the units digit of s?
9
Suppose -i + 192 = -3430. Suppose -x = 5*q - i + 561, 3*q = -x + 1837. What is the units digit of q?
2
Let r(x) = -x**2 - 4*x + 41. Let h be r(0). Let l = h + -37. Suppose -3*t + 292 = -2*f, -l*t + 3*f - 57 = -447. What is the units digit of t?
6
Let g(w) = 11*w**2 - 9*w - 2203. What is the tens digit of g(35)?
5
Suppose -5*r - 2 = -4*b + 3, -5*b = -5*r - 10. Suppose -3*j - 73 = -6*j - n, 0 = 3*j + b*n - 53. Let g = j + -15. What is the tens digit of g?
1
Let g be (-494)/(-39)*(9 + 0). Suppose 7*r - 3*r + 284 = 0. Let m = r + g. What is the tens digit of m?
4
Let g be 116/29 + 1072/2. Suppose g = 3*m + 2*m. What is the units digit of m?
8
Let n = 307 - 297. Suppose n*g - 5591 = 2779. What is the units digit of g?
7
Let r be 56/32*-5*384. Let m = r - -4762. What is the hundreds digit of m?
4
Let s(o) = -6*o + 80. Let a be s(13). What is the hundreds digit of ((-2098)/a)/(32/(-32))?
0
Let t = -2628 + 6643. What is the units digit of t?
5
Suppose -39 - 3 = -6*w. Suppose 0 = w*j - 0*j - 35. Suppose 0 = j*z - 179 - 146. What is the tens digit of z?
6
Let m(j) = 7*j + 17. Let q(g) = -1. Let x(k) = -m(k) + 6*q(k). Let r be x(-8). Suppose r*s = 34*s - 18. What is the units digit of s?
8
Suppose -69*r = 5*d - 68*r - 101999, 0 = 4*r + 24. What is the thousands digit of d?
0
Let d = -33 - -48. Suppose 0 = -d*a + 10*a - 60. What is the tens digit of (-4 - a/4) + 50?
4
Suppose -d - 4*d = -k + 98, 2*d - 4*k = -32. What is the hundreds digit of 381 + (d/4 - -3)?
3
Let i = 190 + -132. Suppose i*o - 8172 = 46*o. What is the units digit of o?
1
Let z = 24358 + -9192. What is the hundreds digit of z?
1
Suppose a = 3*a + 8. What is the units digit of 433 + 5 + (-1 - (a + 6))?
5
Let h = -59 - -25. Let d(f) = 8*f**2 - 6*f - 23. Let j be d(6). Let m = h + j. What is the hundreds digit of m?
1
Let r = 4644 + 3619. What is the hundreds digit of r?
2
Suppose 5*t - 2*a - 20 = 2*a, -4*t + 16 = 3*a. Suppose -z = -1, t*u = -u + 4*z + 16. Suppose -o + u*g = -29, -o - 6*g = -g + 16. What is the units digit of o?
9
Suppose -40*q = -32*q - 9360. Let u = q + -834. What is the hundreds digit of u?
3
Let z = 57 - 45. Let u(n) = -7*n**3 + 29*n + 2 + 14*n**2 + 0*n**2 - 6*n**3 + z*n**3. What is the units digit of u(15)?
2
Let u = -11436 - -18479. What is the thousands digit of u?
7
Let o(r) = -15 + 22 - 25*r - 51*r. Let w be o(-5). Let q = -217 + w. What is the tens digit of q?
7
Suppose v - 2*v = -3685. Let p be v/44 + (-1)/(-4). What is the units digit of (-6)/(-8) + 3465/p?
2
Suppose 0 = -k + l + 4608, 2*k - 9223 = -324*l + 319*l. What is the tens digit of k?
0
Let v(s) = 64*s + 6310. What is the units digit of v(0)?
0
Let a(g) = 154*g**2 + 4*g + 5. Let b(z) = 308*z**2 + 8*z + 11. Let j(q) = 9*a(q) - 4*b(q). What is the hundreds digit of j(1)?
1
Suppose -9*t - 684 = -10*t + 5*f, -3*t = 4*f - 2052. Suppose 9*n - 225 = t. What is the units digit of n?
1
Let u(y) = 158*y**2 - 19*y - 62. Let a(c) = 3*c**2 - 4*c - 18. Let m be a(3). What is the units digit of u(m)?
7
Suppose 977 = 25*v - 1048. Suppose -79*d - 28 = -v*d. What is the tens digit of d?
1
Let u(a) = a + 5. Let h be u(0). Suppose 369 = 2*z - h*y, 0 = -4*z + 5*y + 301 + 432. Suppose -k = 2*g - 206, 4*g + 3*k = 234 + z. What is the tens digit of g?
0
Let p(i) = -76*i**2 + 7*i + 5. Suppose 0 = 7*z - 19*z + 24. Let q(h) = 19*h**2 - 2*h - 1. Let s(u) = z*p(u) + 9*q(u). What is the units digit of s(-3)?
4
Let c(v) = -v**2 - 24*v - 37. Let w be c(-22). Suppose 706 + 568 = w*n. What is the tens digit of n?
8
Let i be (-4 + 14)*-1*(0 - 100). Suppose 6*z + i = 1168. What is the tens digit of z?
2
Suppose -3*d + 5*y = -4786, 8026 = -52*d + 57*d + 4*y. What is the units digit of d?
2
Let n = -131 + 32. Let k be n/8 + 9/24. What is the tens digit of ((-2)/(-6))/(k/(-432))?
1
Let j = 90 + -71. Suppose 0*q + 3*q = -2*p + 19, 0 = 5*p - 2*q - j. What is the hundreds digit of -2 - (8 - p - 2*101)?
1
Let o be (84/3)/((-2)/14). Let a = o - -348. What is the units digit of a?
2
Let x(b) = 270*b**3 + 50*b**2 - 186*b + 34. What is the thousands digit of x(4)?
7
Suppose -l = -5*v - 23, 0*l = -2*l + 4*v + 28. Let n be (l/6)/(5/255). Let p = -43 + n. What is the units digit of p?
5
Let m = 1020 - -166. What is the thousands digit of m?
1
Let y = 51 + -51. Suppose -5*j + 1159 = 4*z, 3*z + z - j - 1189 = y. Suppose q = -3*f + 81, -z = -4*q + f + f. What is the units digit of q?
5
Suppose -2*g = 2*w - 404, 0 = -9*w + 4*w - 2*g + 1013. Let f = 626 + w. What is the units digit of f?
9
Let u be 8 + -12 - (-504)/2. Suppose g + 47 = u. What is the tens digit of g?
0
Suppose 14*n - 4882 = -528. Suppose 0 = -b + 5*d + 303, d = 3*b - 2*b - n. What is the units digit of b?
3
Let z(l) = l**3 + 9*l**2 + 3*l - 6. Let i be z(-4). Suppose 0 = 2*s - 472 + i. What is the hundreds digit of s?
2
Let a = 48260 + -28910. What is the tens digit of a?
5
Suppose 210*a + 1098279 = 237*a. What is the hundreds digit of a?
6
Let v = 30846 + -19631. What is the ten thousands digit of v?
1
What is the tens digit of (-36160)/(-18) + 3/27*(-7 + 8)?
0
Suppose -4*k = m - 64, 1 - 3 = -2*k. Let d = m + -46. Let h(c) = 5*c + 18. What is the tens digit of h(d)?
8
What is the units digit of 10*2773567/3230 + (-2)/(-19)?
7
Suppose 2*p = -5*a + 28, -4*p - 28 = -2*a - 2*a. Suppose -5*m - r = -a*r + 80, -2*m = r + 47. What is the tens digit of (123 - -2) + m/(-7)?
2
Let a(i) = -2*i**3 + i**2 + i. Let c(g) = -8*g + 0*g - 3*g**2 + 11*g + 4. Let y be c(2). What is the units digit of a(y)?
8
Let m = -35 - -40. Suppose m*s - s - 5*u - 1693 = 0, -3*s - u + 1284 = 0. What is the tens digit of s?
2
Suppose 23*j + 20 = 28*j. Suppose 0 = -j*v + z + 1864, 9*v - 1391 = 6*v - z. What is the hundreds digit of v?
4
Let t(d) = -12*d**3 - 140*d**2 + 11*d + 281*d**2 + 19 - 142*d**2. What is the units digit of t(-2)?
9
Suppose 10*j + 204314 = -20*j + 1184504. What is the ten thousands digit of j?
3
Suppose 6*d = 25*d - 23237 - 141360. What is the units digit of d?
3
Let p(s) = 2*s**3 + 2*s**2 - 6*s + 5. Let h be p(3). Let r = 64 - h. What is the units digit of r?
5
Let l(d) = -99*d + 7. Let j(q) = -2375*q + 171. Let f(m) = -4*j(m) + 95*l(m). What is the hundreds digit of f(5)?
4
Suppose 0 = -4*g + 12195 + 1621 - 2980. What is the thousands digit of g?
2
Suppose 106*b = 939192 + 3020650. What is the thousands digit of b?
7
Let r = 15 + -10. Suppose -s + r*z = -113, -2*z = -3 - 1. Suppose 3*q - 27 = c + 312, s = q + 3*c. What is the hundreds digit of q?
1
Let a = -465 + 470. Suppose 2*w = 5*f + 735, a*w + 185 = f + 2080. What is the hundreds digit of w?
3
Suppose 3095784 = 52*y + 167*y. What is the tens digit of y?
3
Suppose -2*u = 3*u - 10, -4*z = u - 79818. Suppose -8004 = 10*b - z. What is the units digit of b?
5
Let i = 3880 - 929. What is the thousands digit of i?
2
Let i(r) = r**3 + 11*r**2 + 10*r + 24. Let z be 3 - 5 - -6 - 2. Suppose -z*u + 3*t - 30 = 0, -4*u = u - 5*t + 65. What is the units digit of i(u)?
6
Let b(n) = -2*n**3 + 103*n**2 - 64*n + 31. What is the units digit of b(50)?
1
Let l(y) = -y**2 - 2*y + 1. Let i(j) = -j**3 + 36*j**2 - 142*j - 15. Let z(h) = i(h) - 4*l(h). What is the units digit of z(36)?
1
Let g = -44 + 45. Let x be (72/15)/(g/5). Suppose 4*k - 152 = x. What is the units digit of k?
4
What is the units digit of -9 + 21*1240/12?
1
Let b = 127 + -122. Suppose 3*d = 6, b*d = -2*c - 0*d + 1736. What is the units digit of c?
3
Let b(c) = -c**2 - 3*c. Let k be b(-2). Let l(f) = 11*f**2 - 128 - 6*f + 123 + k*f + f**3. What is the units digit of l(-11)?
9
Let m = 40 + -43. Let n be 6/9*m*-2 - 2. Suppose 4*p - 222 = -n*d, -4*d - 3*p = -p - 450. What is the units digit of d?
3
Let d be (-801)/15 + 18/45. Let n(c) = -c**3 - 52*c**2 + 32*c - 57. What is the thousands digit of n(d)?
1
Let g(p) = -p**3 - 14*p**2 - 25*p - 12. Let w be g